{"id":78,"date":"2021-09-05T09:08:51","date_gmt":"2021-09-05T09:08:51","guid":{"rendered":"https:\/\/robin.us.es\/?page_id=78"},"modified":"2022-03-17T09:58:20","modified_gmt":"2022-03-17T09:58:20","slug":"componentes","status":"publish","type":"page","link":"https:\/\/www.dinel.us.es\/?page_id=78","title":{"rendered":"Componentes"},"content":{"rendered":"\n<table width='85%' border='0' cellpadding='2' cellspacing='0' align='center'>\n<tr>\n     <td colspan='2'><strong>Catedr\u00e1tico<\/strong><\/td>\n     <td width='10%'><strong>Localizaci\u00f3n<\/strong><\/td>\n     <td width='30%'><\/td>\n<\/tr>\n  <tr valign='middle'>\n     <td align='left' width='100'>\n<img src='\/DINEL\/images\/fotos\/fbg_011.jpg' width='100' height='75'  border='1'  alt='Barrero Garc\u00eda, Federico - fbg_011.jpg'>\n     <\/td>\n     <td align='left'><b>Barrero Garc\u00eda, Federico <\/b><\/td>\n      <td><b>Despacho:<br>Correo:<br>Enlace:<\/b><\/td>\n     <td>  <u><a href='\/DINEL\/images\/despachos\/fbg_011.gif' target='_blank' rel=\"noopener\">E2, Esquina S0, S21<\/a><\/u> <br> \n\nf&#98;&#97;&#x72;&#x72;e&#114;&#111;&#x40;&#x75;&#x73;&#46;&#101;&#115;<br><a href='http:\/\/edsplab.us.es\/docencia\/user\/view.php?id=4&#038;course=1'>P\u00e1gina personal<\/a><\/td>\n  <\/tr>\n\n  <tr valign='middle'>\n     <td align='left' width='100'>\n<img src='\/DINEL\/images\/fotos\/acr_018.jpg' width='100' height='75'  border='1'  alt='Carballar Rinc\u00f3n, Alejandro - acr_018.jpg'>\n     <\/td>\n     <td align='left'><b>Carballar Rinc\u00f3n, Alejandro <\/b><\/td>\n      <td><b>Despacho:<br>Correo:<br><\/b><\/td>\n     <td>  <u><a href='\/DINEL\/images\/despachos\/acr_018.gif' target='_blank' rel=\"noopener\">E2, Esquina S0, S06<\/a><\/u><br> \n\n&#x63;&#97;r&#x62;&#97;l&#x6c;&#97;r&#x40;&#117;s&#x2e;&#101;s<br><\/td>\n  \n\n  <\/tr>\n\n\n\n\n  <tr valign='middle'>\n     <td align='left' width='100'>\n<img src='\/DINEL\/images\/fotos\/jcs_005.jpg' width='100' height='75'  border='1'  alt='Carrasco Sol\u00eds, Juan Manuel - jcs_005.jpg'>\n     <\/td>\n     <td align='left'><b>Carrasco Sol\u00eds, Juan Manuel <\/b><\/td>\n      <td><b>Despacho:<br>Correo:<br><\/b><\/td>\n     <td>  <u><a href='\/DINEL\/images\/despachos\/jcs_005.gif' target='_blank' rel=\"noopener\">E2, Esquina S0, S03<\/a><\/u> <br> \n\n&#x6a;&#109;&#99;a&#x72;&#x72;&#97;s&#x63;&#x6f;&#64;us&#x2e;&#101;&#115;<br><\/td>\n  \n\n  <\/tr>\n\n\n\n\n  <tr valign='middle'>\n     <td align='left' width='100'>\n<img src='\/DINEL\/images\/fotos\/egd_008.jpg' width='100' height='75'  border='1'  alt='Galv\u00e1n D\u00edez, Eduardo - egd_008.jpg'>\n     <\/td>\n     <td align='left'><b>Galv\u00e1n D\u00edez, Eduardo <\/b><\/td>\n      <td><b>Despacho:<br>Correo:<br>Enlace:<\/b><\/td>\n     <td>  <u><a href='\/DINEL\/images\/despachos\/egd_008.gif' target='_blank' rel=\"noopener\">E2, Esquina S0, S12<\/a><\/u> <br> \n\neg&#97;&#108;&#118;&#x61;&#x6e;&#x40;&#x75;s&#46;&#101;&#115;<br>\n  \n\n  <\/tr>\n\n\n\n\n  <tr valign='middle'>\n     <td align='left' width='100'>\n<img src='\/DINEL\/images\/fotos\/lgf_002.jpg' width='100' height='75'  border='1'  alt='Garc\u00eda Franquelo, Leopoldo - lgf_002.jpg'>\n     <\/td>\n     <td align='left'><b>Garc\u00eda Franquelo, Leopoldo <\/b><\/td>\n      <td><b>Despacho:<br>Correo:<br><\/b><\/td>\n     <td>  <u><a href='\/DINEL\/images\/despachos\/lgf_002.gif' target='_blank' rel=\"noopener\">E2, Esquina S0, S07<\/a><\/u> <br> \n\n&#x6c;&#x67;&#x66;&#x72;&#x61;&#x6e;&#x71;&#x75;&#x65;&#x6c;&#x6f;&#x40;&#x75;&#x73;&#x2e;&#x65;&#x73;<br><\/td>\n  \n\n  <\/tr>\n\n\n\n\n  <tr valign='middle'>\n     <td align='left' width='100'>\n<img src='\/DINEL\/images\/fotos\/rgc_020.jpg' width='100' height='75'  border='1'  alt='Gonz\u00e1lez Carvajal, Ram\u00f3n - rgc_020.jpg'>\n     <\/td>\n     <td align='left'><b>Gonz\u00e1lez Carvajal, Ram\u00f3n <\/b><\/td>\n      <td><b>Despacho:<br>Correo:<br>Enlace:<\/b><\/td>\n     <td>  <u><a href='\/DINEL\/images\/despachos\/rgc_020.gif' target='_blank' rel=\"noopener\">E2, Esquina S0, S13<\/a><\/u> <br> \n\n&#99;&#x61;&#x72;v&#97;&#x6a;a&#108;&#x40;&#x75;s&#46;&#x65;s<br>\n  \n\n  <\/tr>\n\n\n\n\n  <tr valign='middle'>\n     <td align='left' width='100'>\n<img src='\/DINEL\/images\/fotos\/fmc_024.jpg' width='100' height='75'  border='1'  alt='Mu\u00f1oz Chavero, Fernando - fmc_024.jpg'>\n     <\/td>\n     <td align='left'><b>Mu\u00f1oz Chavero, Fernando <\/b><\/td>\n      <td><b>Despacho:<br>Correo:<br>Enlace:<\/b><\/td>\n     <td>  <u><a href='\/DINEL\/images\/despachos\/fmc_024.gif' target='_blank' rel=\"noopener\">E2, Esquina S0, S08<\/a><\/u> <br> \n\n&#x66;&#x6d;&#x75;&#x6e;&#x6f;&#x7a;&#x40;&#x75;&#x73;&#x2e;&#x65;&#x73;<br>\n  \n\n  <\/tr>\n\n\n\n\n  <tr valign='middle'>\n     <td align='left' width='100'>\n<img src='\/DINEL\/images\/fotos\/jqr_004.jpg' width='100' height='75'  border='1'  alt='Quero Reboul, Jos\u00e9 Manuel - jqr_004.jpg'>\n     <\/td>\n     <td align='left'><b>Quero Reboul, Jos\u00e9 Manuel <\/b><\/td>\n      <td><b>Despacho:<br>Correo:<br><\/b><\/td>\n     <td>  <u><a href='\/DINEL\/images\/despachos\/jqr_004.gif' target='_blank' rel=\"noopener\">E2, Esquina S0, S09<\/a><\/u> <br> \n\n&#x71;u&#x65;&#114;o&#x40;&#117;&#x73;&#x2e;e&#x73;<br><\/td>\n  \n\n  <\/tr>\n\n\n\n\n  <tr valign='middle'>\n     <td align='left' width='100'>\n<img src='\/DINEL\/images\/fotos\/stm_013.jpg' width='100' height='75'  border='1'  alt='Toral Mar\u00edn, Sergio - stm_013.jpg'>\n     <\/td>\n     <td align='left'><b>Toral Mar\u00edn, Sergio <\/b><\/td>\n      <td><b>Despacho:<br>Correo:<br>Enlace:<\/b><\/td>\n     <td>  <u><a href='\/DINEL\/images\/despachos\/stm_013.gif' target='_blank' rel=\"noopener\">E2, Esquina S0, S02<\/a><\/u> <br> \n\n&#x73;&#x74;&#x6f;&#x72;&#x61;&#108;&#64;&#117;&#115;&#46;es<br><a href='http:\/\/edsplab.us.es\/docencia\/user\/view.php?id=5&#038;course=1'>P\u00e1gina personal<\/a><\/td>\n  \n\n  <\/tr>\n\n\n\n\n  <tr valign='middle'>\n     <td align='left' width='100'>\n<img src='\/DINEL\/images\/fotos\/ats_003.jpg' width='100' height='75'  border='1'  alt='Torralba Silgado, Antonio Jes\u00fas - ats_003.jpg'>\n     <\/td>\n     <td align='left'><b>Torralba Silgado, Antonio Jes\u00fas <\/b><\/td>\n      <td><b>Despacho:<br>Correo:<br>Enlace:<\/b><\/td>\n     <td>  <u><a href='\/DINEL\/images\/despachos\/ats_003.gif' target='_blank' rel=\"noopener\">E2, Esquina S0, S04<\/a><\/u> <br> \n\n&#x74;&#111;&#114;r&#x61;&#x6c;&#98;a&#x40;&#x75;&#115;&#46;&#x65;&#x73;<br>\n  \n\n  <\/tr>\n\n\n\n<\/table>\n\n<p>&nbsp;<\/p> \n\n<table width='85%' border='0' cellpadding='2' cellspacing='0' align='center'>\n<tr>\n     <td colspan='2'><strong>Profesor Titular<\/strong><\/td>\n     <td width='10%'><strong>Localizaci\u00f3n <\/strong><\/td>\n     <td width='30%'><\/td>\n\n\n<\/tr>\n\n  <tr valign='middle'>\n     <td align='left' width='100'>\n<img src='http:\/\/www.dinel.us.es\/wp-content\/uploads\/2022\/02\/VicenteBaena-scaled.jpg' width='100' height='75'  border='1'  alt='Baena Lecuyer, Vicente - vbl_017.jpg'>\n     <\/td>\n     <td align='left'><b>Baena Lecuyer, Vicente <\/b><\/td>\n      <td><b>Despacho:<br>Correo:<br>Enlace:<\/b><\/td>\n     <td>  <u><a href='\/DINEL\/images\/despachos\/vbl_017.gif' target='_blank' rel=\"noopener\">E2, Esquina S0, N10<\/a><\/u> <br> \n\n&#118;&#95;&#x62;a&#101;&#x6e;&#x61;&#64;&#117;&#x73;&#x2e;e&#115;<br>\n  \n\n  <\/tr>\n\n\n\n\n  <tr valign='middle'>\n     <td align='left' width='100'>\n<img src='\/DINEL\/images\/fotos\/jco_010.jpg' width='100' height='75'  border='1'  alt='Ch\u00e1vez Orz\u00e1ez, Jorge - jco_010.jpg'>\n     <\/td>\n     <td align='left'><b>Ch\u00e1vez Orz\u00e1ez, Jorge <\/b><\/td>\n      <td><b>Despacho:<br>Correo:<br><\/b><\/td>\n     <td>  <u><a href='\/DINEL\/images\/despachos\/jco_010.gif' target='_blank' rel=\"noopener\">E2, Esquina S0, S01<\/a><\/u> <br> \n\n&#x63;&#104;&#97;&#x76;&#x65;&#122;&#64;&#x67;&#x74;&#101;&#46;&#x65;&#x73;&#105;&#46;&#x75;&#x73;&#46;&#101;&#x73;<br><\/td>\n  \n\n  <\/tr>\n\n\n\n\n  <tr valign='middle'>\n     <td align='left' width='100'>\n<img src='\/DINEL\/images\/fotos\/fcr_012.jpg' width='100' height='75'  border='1'  alt='Colodro Ruiz, Francisco - fcr_012.jpg'>\n     <\/td>\n     <td align='left'><b>Colodro Ruiz, Francisco <\/b><\/td>\n      <td><b>Despacho:<br>Correo:<br>Enlace:<\/b><\/td>\n     <td>  <u><a href='\/DINEL\/images\/despachos\/fcr_012.gif' target='_blank' rel=\"noopener\">E2, Esquina S0, N04<\/a><\/u> <br> \n\n&#112;&#x63;o&#108;&#x72;&#64;&#x75;s&#46;&#x65;s<br>\n  \n\n  <\/tr>\n\n\n\n\n  <tr valign='middle'>\n     <td align='left' width='100'>\n<img src='\/DINEL\/images\/fotos\/jgo_015.jpg' width='100' height='75'  border='1'  alt='Garc\u00eda Ortega, Juan - jgo_015.jpg'>\n     <\/td>\n     <td align='left'><b>Garc\u00eda Ortega, Juan <\/b><\/td>\n      <td><b>Despacho:<br>Correo:<br>Enlace:<\/b><\/td>\n     <td>  <u><a href='\/DINEL\/images\/despachos\/jgo_015.gif' target='_blank' rel=\"noopener\">E2, Esquina S0, S05<\/a><\/u> <br> \n\nju&#97;&#110;&#103;&#97;&#x72;&#x63;&#x69;&#x61;&#x40;us&#46;&#101;&#115;<br>\n  \n\n  <\/tr>\n\n\n\n\n  <tr valign='middle'>\n     <td align='left' width='100'>\n<img src='\/DINEL\/images\/fotos\/jgr_025.jpg' width='100' height='75'  border='1'  alt='Granado Romero, Joaqu\u00edn - jgr_025.jpg'>\n     <\/td>\n     <td align='left'><b>Granado Romero, Joaqu\u00edn <\/b><\/td>\n      <td><b>Despacho:<br>Correo:<br>Enlace:<\/b><\/td>\n     <td>  <u><a href='\/DINEL\/images\/despachos\/jgr_025.gif' target='_blank' rel=\"noopener\">E2, Esquina S0, S15<\/a><\/u> <br> \n\nj&#95;&#x67;&#x72;a&#110;&#x61;&#x64;o&#64;&#x75;&#x73;&#46;&#101;&#x73;<br><a href=''>P\u00e1gina personal<\/a><\/td>\n  \n\n  <\/tr>\n\n\n\n\n  <tr valign='middle'>\n     <td align='left' width='100'>\n<img src='\/DINEL\/images\/fotos\/cjj_007.jpg' width='100' height='75'  border='1'  alt='Janer Jim\u00e9nez, Carlos - cjj_007.jpg'>\n     <\/td>\n     <td align='left'><b>Janer Jim\u00e9nez, Carlos <\/b><\/td>\n      <td><b>Despacho:<br>Correo:<br>Enlace:<\/b><\/td>\n     <td>  <u><a href='\/DINEL\/images\/despachos\/cjj_007.gif' target='_blank' rel=\"noopener\">E2, Esquina S0, N03<\/a><\/u> <br> \n\n&#106;&#x61;n&#101;&#x72;&#64;&#103;&#x74;e&#x2e;&#x65;&#115;&#x69;&#46;&#117;&#x73;&#46;&#101;&#x73;<br>\n  \n\n  <\/tr>\n\n\n\n\n  <tr valign='middle'>\n     <td align='left' width='100'>\n<img src='\/DINEL\/images\/fotos\/jlg_037.jpg' width='100' height='75'  border='1'  alt='Le\u00f3n Galv\u00e1n, Jos\u00e9 Ignacio - jlg_037.jpg'>\n     <\/td>\n     <td align='left'><b>Le\u00f3n Galv\u00e1n, Jos\u00e9 Ignacio <\/b><\/td>\n      <td><b>Despacho:<br>Correo:<br>Enlace:<\/b><\/td>\n     <td>  <u><a href='\/DINEL\/images\/despachos\/jlg_037.gif' target='_blank' rel=\"noopener\">L2, Planta 1, N17<\/a><\/u> <br> \n\n&#x6a;&#105;&#x6c;&#x65;o&#x6e;&#64;u&#x73;&#46;e&#x73;<br>\n  \n\n  <\/tr>\n\n\n\n\n  <tr valign='middle'>\n     <td align='left' width='100'>\n<img src='\/DINEL\/images\/fotos\/ale_030.jpg' width='100' height='75'  border='1'  alt='Luque Estepa, Antonio - ale_030.jpg'>\n     <\/td>\n     <td align='left'><b>Luque Estepa, Antonio <\/b><\/td>\n      <td><b>Despacho:<br>Correo:<br>Enlace:<\/b><\/td>\n     <td>  <u><a href='\/DINEL\/images\/despachos\/ale_030.gif' target='_blank' rel=\"noopener\">E2, Esquina S0, S17<\/a><\/u> <br> \n\n&#x61;&#108;u&#x71;&#117;e&#x40;&#103;t&#x65;&#x2e;&#101;&#x73;&#x69;&#46;u&#x73;&#46;e&#x73;<br>\n  \n\n  <\/tr>\n\n\n\n\n  <tr valign='middle'>\n     <td align='left' width='100'>\n<img src='\/DINEL\/images\/fotos\/mmp_028.jpg' width='100' height='75'  border='1'  alt='Mart\u00edn Prats, M\u00aa \u00c1ngeles - mmp_028.jpg'>\n     <\/td>\n     <td align='left'><b>Mart\u00edn Prats, M\u00aa \u00c1ngeles <\/b><\/td>\n      <td><b>Despacho:<br>Correo:<br><\/b><\/td>\n     <td>  <u><a href='\/DINEL\/images\/despachos\/mmp_028.gif' target='_blank' rel=\"noopener\">E2, Esquina S0, N09<\/a><\/u> <br> \n\n&#109;&#x6d;&#x70;r&#97;&#x74;s&#64;&#x75;&#x73;&#46;&#x65;&#x73;<br><\/td>\n  \n\n  <\/tr>\n\n\n\n\n  <tr valign='middle'>\n     <td align='left' width='100'>\n<img src='\/DINEL\/images\/fotos\/rmv_009.jpg' width='100' height='75'  border='1'  alt='Mill\u00e1n V\u00e1zquez de la Torre, Rafael L. - rmv_009.jpg'>\n     <\/td>\n     <td align='left'><b>Mill\u00e1n V\u00e1zquez de la Torre, Rafael L. <\/b><\/td>\n      <td><b>Despacho:<br>Correo:<br><\/b><\/td>\n     <td>  <u><a href='\/DINEL\/images\/despachos\/rmv_009.gif' target='_blank' rel=\"noopener\">E2, Esquina S0, N05<\/a><\/u> <br> \n\n&#x72;&#x6d;&#x69;&#x6c;&#x6c;&#x61;&#x6e;&#x40;&#x75;&#x73;&#x2e;&#x65;&#x73;<br><\/td>\n  \n\n  <\/tr>\n\n\n\n\n  <tr valign='middle'>\n     <td align='left' width='100'>\n<img src='\/DINEL\/images\/fotos\/aoo_052.jpg' width='100' height='75'  border='1'  alt='Oria Oria, Ana Cinta - aoo_052.jpg'>\n     <\/td>\n     <td align='left'><b>Oria Oria, Ana Cinta <\/b><\/td>\n      <td><b>Despacho:<br>Correo:<br>Enlace:<\/b><\/td>\n     <td>  <u><a href='\/DINEL\/images\/despachos\/aoo_052.gif' target='_blank' rel=\"noopener\">E2, Esquina S0, N06<\/a><\/u> <br> \n\n&#97;&#x6e;a&#99;&#x69;n&#116;&#x61;o&#x72;&#x69;&#97;&#x40;u&#115;&#x2e;e&#115;<br>\n  \n\n  <\/tr>\n\n\n\n\n  <tr valign='middle'>\n     <td align='left' width='100'>\n<img src='\/DINEL\/images\/fotos\/mpe_021.jpg' width='100' height='75'  border='1'  alt='Perales Esteve, Manuel - mpe_021.jpg'>\n     <\/td>\n     <td align='left'><b>Perales Esteve, Manuel <\/b><\/td>\n      <td><b>Despacho:<br>Correo:<br>Enlace:<\/b><\/td>\n     <td>  <u><a href='\/DINEL\/images\/despachos\/mpe_021.gif' target='_blank' rel=\"noopener\">L2, Planta 1, S15<\/a><\/u> <br> \n\n&#109;&#x70;&#x65;r&#97;&#x6c;e&#115;&#x40;&#x75;s&#46;&#x65;s<br>\n  \n\n  <\/tr>\n\n\n\n\n  <tr valign='middle'>\n     <td align='left' width='100'>\n<img src='\/DINEL\/images\/fotos\/FPS_173.jpg' width='100' height='75'  border='1'  alt='Perdigones S\u00e1nchez, Francisco - FPS_173.jpg'>\n     <\/td>\n     <td align='left'><b>Perdigones S\u00e1nchez, Francisco <\/b><\/td>\n      <td><b>Despacho:<br>Correo:<br><\/b><\/td>\n     <td> E2, Esquina S0, S <br> \n\n&#112;e&#114;d&#105;&#64;&#x7a;i&#x70;i&#x2e;u&#x73;&#46;&#x65;s<br><\/td>\n  \n\n  <\/tr>\n\n\n\n\n  <tr valign='middle'>\n     <td align='left' width='100'>\n<img src='\/DINEL\/images\/fotos\/svp_046.jpg' width='100' height='75'  border='1'  alt='V\u00e1zquez P\u00e9rez, Sergio - svp_046.jpg'>\n     <\/td>\n     <td align='left'><b>V\u00e1zquez P\u00e9rez, Sergio <\/b><\/td>\n      <td><b>Despacho:<br>Correo:<br><\/b><\/td>\n     <td>  <u><a href='\/DINEL\/images\/despachos\/svp_046.gif' target='_blank' rel=\"noopener\">E2, Esquina S0, N06<\/a><\/u> <br> \n\n&#115;&#x76;&#97;&#x7a;&#113;&#x75;&#101;&#x7a;&#64;&#x7a;&#105;&#x70;&#105;&#x2e;&#117;&#x73;&#46;&#x65;&#115;<br><\/td>\n  \n\n  <\/tr>\n\n\n\n<\/table>\n\n<p>&nbsp;<\/p> \n\n<table width='85%' border='0' cellpadding='2' cellspacing='0' align='center'>\n<tr>\n     <td colspan='2'><strong>Profesor Contratado<\/strong><\/td>\n     <td width='10%'><strong>Localizaci\u00f3n <\/strong><\/td>\n     <td width='30%'><\/td>\n\n\n<\/tr>\n\n  <tr valign='middle'>\n     <td align='left' width='100'>\n<img src='\/DINEL\/images\/fotos\/caf_033.jpg' width='100' height='75'  border='1'  alt='Aracil Fern\u00e1ndez, Carmen - caf_033.jpg'>\n     <\/td>\n     <td align='left'><b>Aracil Fern\u00e1ndez, Carmen <\/b><\/td>\n      <td><b>Despacho:<br>Correo:<br><\/b><\/td>\n     <td>  <u><a href='\/DINEL\/images\/despachos\/caf_033.gif' target='_blank' rel=\"noopener\">E2, Esquina S0, S15<\/a><\/u> <br> \n\nc&#97;&#114;&#x61;&#x63;&#x69;l&#64;&#103;&#x74;&#x65;&#x2e;es&#105;&#x2e;&#x75;&#x73;&#46;e&#115;<br><\/td>\n  \n\n  <\/tr>\n\n\n\n\n  <tr valign='middle'>\n     <td align='left' width='100'>\n<img src='\/DINEL\/images\/fotos\/mep_027.jpg' width='100' height='75'  border='1'  alt='Elena P\u00e9rez, M\u00aa del Mar - mep_027.jpg'>\n     <\/td>\n     <td align='left'><b>Elena P\u00e9rez, M\u00aa del Mar <\/b><\/td>\n      <td><b>Despacho:<br>Correo:<br><\/b><\/td>\n     <td>  <u><a href='\/DINEL\/images\/despachos\/mep_027.gif' target='_blank' rel=\"noopener\">E2, Esquina S0, S19<\/a><\/u> <br> \n\n&#x6d;a&#x72;&#64;&#x67;&#116;&#x65;&#x2e;e&#x73;&#105;&#x2e;&#117;&#x73;&#46;e&#x73;<br><\/td>\n  \n\n  <\/tr>\n\n\n\n\n  <tr valign='middle'>\n     <td align='left' width='100'>\n<img src='\/DINEL\/images\/fotos\/anonymous.jpg' width='100' height='75'  border='1'  alt='Garc\u00eda Oya, Jos\u00e9 Ram\u00f3n - anonymous.jpg'>\n     <\/td>\n     <td align='left'><b>Garc\u00eda Oya, Jos\u00e9 Ram\u00f3n <\/b><\/td>\n      <td><b>Despacho:<br>Correo:<br><\/b><\/td>\n     <td> E2, Esquina S0, S <br> \n\n&#106;&#x72;&#103;&#x61;&#114;&#x63;i&#x61;&#64;&#103;&#x69;&#101;&#x2e;&#117;&#x73;&#46;&#x65;s<br><\/td>\n  \n\n  <\/tr>\n\n\n\n\n  <tr valign='middle'>\n     <td align='left' width='100'>\n<img src='\/DINEL\/images\/fotos\/DGR_232.jpg' width='100' height='75'  border='1'  alt='Gutierrez Reina, Daniel - DGR_232.jpg'>\n     <\/td>\n     <td align='left'><b>Gutierrez Reina, Daniel <\/b><\/td>\n      <td><b>Despacho:<br>Correo:<br><\/b><\/td>\n     <td> E2, Esquina S0, S <br> \n\n&#x64;&#x67;&#x75;&#x74;&#x69;&#x65;&#x72;&#x72;&#x65;&#x7a;&#x72;&#x65;&#x69;&#x6e;&#x61;&#x40;&#x75;&#x73;&#x2e;&#x65;&#x73;<br><\/td>\n  \n\n  <\/tr>\n\n\n\n\n  <tr valign='middle'>\n     <td align='left' width='100'>\n<img src='\/DINEL\/images\/fotos\/hgm_116.jpg' width='100' height='75'  border='1'  alt='Guzm\u00e1n Miranda, Hip\u00f3lito - hgm_116.jpg'>\n     <\/td>\n     <td align='left'><b>Guzm\u00e1n Miranda, Hip\u00f3lito <\/b><\/td>\n      <td><b>Despacho:<br>Correo:<br><\/b><\/td>\n     <td> E2, Esquina S0, S15 <br> \n\n&#104;&#x69;&#112;&#x6f;l&#105;&#x74;&#111;&#x40;g&#x69;e&#46;&#x65;&#115;&#x69;&#46;&#x75;&#x73;&#46;&#x65;s<br><\/td>\n  \n\n  <\/tr>\n\n\n\n\n  <tr valign='middle'>\n     <td align='left' width='100'>\n<img src='\/DINEL\/images\/fotos\/anonymous.jpg' width='100' height='75'  border='1'  alt='Hidalgo Fort, Eduardo - anonymous.jpg'>\n     <\/td>\n     <td align='left'><b>Hidalgo Fort, Eduardo <\/b><\/td>\n      <td><b>Despacho:<br>Correo:<br><\/b><\/td>\n     <td> E2, Esquina S0, S <br> \n\n&#x65;&#104;i&#x64;&#x61;&#108;g&#x6f;&#x40;&#103;i&#x65;&#x2e;&#117;s&#x2e;&#x65;&#115;<br><\/td>\n\n  <\/tr>\n\n\n\n\n  <tr valign='middle'>\n     <td align='left' width='100'>\n<img src='\/DINEL\/images\/fotos\/mlg_036.jpg' width='100' height='75'  border='1'  alt='Laguna Garc\u00eda, Marta - mlg_036.jpg'>\n     <\/td>\n     <td align='left'><b>Laguna Garc\u00eda, Marta <\/b><\/td>\n      <td><b>Despacho:<br>Correo:<br>Enlace:<\/b><\/td>\n     <td>  <u><a href='\/DINEL\/images\/despachos\/mlg_036.gif' target='_blank' rel=\"noopener\">L2, Planta 1, N09<\/a><\/u> <br> \n\n&#109;a&#x72;t&#x61;&#108;&#x61;&#103;&#x75;&#110;a&#x40;u&#x73;&#46;&#x65;&#115;<br>\n  \n\n  <\/tr>\n\n\n\n\n  <tr valign='middle'>\n     <td align='left' width='100'>\n<img src='\/DINEL\/images\/fotos\/elm_112.jpg' width='100' height='75'  border='1'  alt='L\u00f3pez Morillo, Enrique - elm_112.jpg'>\n     <\/td>\n     <td align='left'><b>L\u00f3pez Morillo, Enrique <\/b><\/td>\n      <td><b>Despacho:<br>Correo:<br><\/b><\/td>\n     <td> L2, Planta 1, S9 <br> \n\nel&#111;&#112;&#101;&#x7a;&#x40;&#x67;&#x69;e&#46;&#117;&#115;&#46;&#x65;&#x73;<br><\/td>\n  \n\n  <\/tr>\n\n\n\n\n  <tr valign='middle'>\n     <td align='left' width='100'>\n<img src='\/DINEL\/images\/fotos\/clm_142.jpg' width='100' height='75'  border='1'  alt='Luj\u00e1n Mart\u00ednez, Clara Isabel - clm_142.jpg'>\n     <\/td>\n     <td align='left'><b>Luj\u00e1n Mart\u00ednez, Clara Isabel <\/b><\/td>\n      <td><b>Despacho:<br>Correo:<br><\/b><\/td>\n     <td> E2, Esquina S0, S16 <br> \n\n&#99;&#x69;&#x6c;u&#106;&#x61;n&#64;&#x75;&#x73;&#46;&#101;&#x73;<br><\/td>\n  \n\n  <\/tr>\n\n\n\n\n  <tr valign='middle'>\n     <td align='left' width='100'>\n<img src='\/DINEL\/images\/fotos\/jmh_026.jpg' width='100' height='75'  border='1'  alt='Mart\u00ednez Heredia, Juana M\u00aa - jmh_026.jpg'>\n     <\/td>\n     <td align='left'><b>Mart\u00ednez Heredia, Juana M\u00aa <\/b><\/td>\n      <td><b>Despacho:<br>Correo:<br><\/b><\/td>\n     <td>  <u><a href='\/DINEL\/images\/despachos\/jmh_026.gif' target='_blank' rel=\"noopener\">E2, Esquina S0, S14<\/a><\/u> <br> \n\njm&#109;&#104;&#64;&#x67;&#x74;&#x65;&#x2e;es&#105;&#46;&#117;&#x73;&#x2e;&#x65;&#x73;<br><\/td>\n  \n\n  <\/tr>\n\n\n\n\n  <tr valign='middle'>\n     <td align='left' width='100'>\n<img src='\/DINEL\/images\/fotos\/jmj_016.jpg' width='100' height='75'  border='1'  alt='Mora Jim\u00e9nez, Jos\u00e9 Luis - jmj_016.jpg'>\n     <\/td>\n     <td align='left'><b>Mora Jim\u00e9nez, Jos\u00e9 Luis <\/b><\/td>\n      <td><b>Despacho:<br>Correo:<br><\/b><\/td>\n     <td>  <u><a href='\/DINEL\/images\/despachos\/jmj_016.gif' target='_blank' rel=\"noopener\">E2, Esquina S0, N11<\/a><\/u> <br> \n\n&#x6a;o&#x6c;&#117;m&#x6f;&#64;&#x75;&#115;&#46;&#x65;&#115;<br><\/td>\n  \n\n  <\/tr>\n\n\n\n\n  <tr valign='middle'>\n     <td align='left' width='100'>\n<img src='\/DINEL\/images\/fotos\/rpp_022.jpg' width='100' height='75'  border='1'  alt='Palomo Pinto, Fco. Rogelio - rpp_022.jpg'>\n     <\/td>\n     <td align='left'><b>Palomo Pinto, Fco. Rogelio <\/b><\/td>\n      <td><b>Despacho:<br>Correo:<br><\/b><\/td>\n     <td>  <u><a href='\/DINEL\/images\/despachos\/rpp_022.gif' target='_blank' rel=\"noopener\">L2, Planta 1, N09<\/a><\/u> <br> \n\nf&#112;&#x61;&#x6c;&#x6f;m&#111;&#x40;&#x75;&#x73;&#46;&#101;&#x73;<br><\/td>\n  \n\n  <\/tr>\n\n\n\n\n  <tr valign='middle'>\n     <td align='left' width='100'>\n<img src='\/DINEL\/images\/fotos\/bpv_039.jpg' width='100' height='75'  border='1'  alt='Palomo V\u00e1zquez, Bernardo - bpv_039.jpg'>\n     <\/td>\n     <td align='left'><b>Palomo V\u00e1zquez, Bernardo <\/b><\/td>\n      <td><b>Despacho:<br>Correo:<br>Enlace:<\/b><\/td>\n     <td>  <u><a href='\/DINEL\/images\/despachos\/bpv_039.gif' target='_blank' rel=\"noopener\">E2, Esquina S0, S18<\/a><\/u> <br> \n\n&#x62;&#x70;&#118;&#64;&#x67;&#x74;&#101;&#46;e&#x73;&#x69;&#46;&#117;s&#x2e;&#x65;&#115;<br>\n  \n\n  <\/tr>\n\n\n\n\n  <tr valign='middle'>\n     <td align='left' width='100'>\n<img src='\/DINEL\/images\/fotos\/fpr_014.jpg' width='100' height='75'  border='1'  alt='P\u00e9rez Ridao, Francisco - fpr_014.jpg'>\n     <\/td>\n     <td align='left'><b>P\u00e9rez Ridao, Francisco <\/b><\/td>\n      <td><b>Despacho:<br>Correo:<br><\/b><\/td>\n     <td>  <u><a href='\/DINEL\/images\/despachos\/fpr_014.gif' target='_blank' rel=\"noopener\">L2, Planta 1, N15<\/a><\/u> <br> \n\n&#112;&#x61;r&#105;&#x64;&#97;&#x40;u&#115;&#x2e;e&#x73;<br><\/td>\n  \n\n  <\/tr>\n\n\n\n\n  <tr valign='middle'>\n     <td align='left' width='100'>\n<img src='\/DINEL\/images\/fotos\/apv_023.jpg' width='100' height='75'  border='1'  alt='P\u00e9rez Vega-Leal, Alfredo - apv_023.jpg'>\n     <\/td>\n     <td align='left'><b>P\u00e9rez Vega-Leal, Alfredo <\/b><\/td>\n      <td><b>Despacho:<br>Correo:<br><\/b><\/td>\n     <td>  <u><a href='\/DINEL\/images\/despachos\/apv_023.gif' target='_blank' rel=\"noopener\">L2, Planta 1, N16<\/a><\/u> <br> \n\nalpe&#114;&#101;&#122;&#64;&#117;&#x73;&#x2e;&#x65;&#x73;<br><\/td>\n  \n\n  <\/tr>\n\n\n\n\n  <tr valign='middle'>\n     <td align='left' width='100'>\n<img src='\/DINEL\/images\/fotos\/rpg_034.jpg' width='100' height='75'  border='1'  alt='Portillo Guisado, Ram\u00f3n - rpg_034.jpg'>\n     <\/td>\n     <td align='left'><b>Portillo Guisado, Ram\u00f3n <\/b><\/td>\n      <td><b>Despacho:<br>Correo:<br>Enlace:<\/b><\/td>\n     <td>  <u><a href='\/DINEL\/images\/despachos\/rpg_034.gif' target='_blank' rel=\"noopener\">L2, Planta 1, S14<\/a><\/u> <br> \n\n&#x72;&#97;&#109;&#x6f;&#x6e;&#112;&#103;&#x40;&#x75;&#115;&#46;&#x65;&#x73;<br>\n  \n\n  <\/tr>\n\n\n\n\n  <tr valign='middle'>\n     <td align='left' width='100'>\n<img src='\/DINEL\/images\/fotos\/jss_029.jpg' width='100' height='75'  border='1'  alt='S\u00e1nchez Segura, Juan Antonio - jss_029.jpg'>\n     <\/td>\n     <td align='left'><b>S\u00e1nchez Segura, Juan Antonio <\/b><\/td>\n      <td><b>Despacho:<br>Correo:<br><\/b><\/td>\n     <td>  <u><a href='\/DINEL\/images\/despachos\/jss_029.gif' target='_blank' rel=\"noopener\">E2, Esquina S0, S14<\/a><\/u> <br> \n\n&#x6a;&#117;&#x61;&#110;s&#x61;&#110;c&#x68;&#101;&#x7a;&#x40;u&#x73;&#46;e&#x73;<br><\/td>\n  \n\n  <\/tr>\n\n\n\n<\/table>\n","protected":false},"excerpt":{"rendered":"<p>Catedr\u00e1tico Localizaci\u00f3n Barrero Garc\u00eda, Federico Despacho:Correo:Enlace: E2, Esquina S0, S21 P\u00e1gina personal Carballar Rinc\u00f3n, Alejandro Despacho:Correo: E2, Esquina S0, S06 Carrasco Sol\u00eds, Juan Manuel Despacho:Correo: E2, Esquina S0, S03 Galv\u00e1n D\u00edez, Eduardo Despacho:Correo:Enlace: E2, Esquina S0, S12 Garc\u00eda Franquelo, Leopoldo <a href=\"https:\/\/www.dinel.us.es\/?page_id=78\" class=\"read-more\">Leer m\u00e1s&#8230;<\/a><\/p>\n","protected":false},"author":1,"featured_media":0,"parent":0,"menu_order":0,"comment_status":"closed","ping_status":"closed","template":"","meta":{"footnotes":""},"folder":[12],"class_list":["post-78","page","type-page","status-publish","hentry"],"publishpress_future_action":{"enabled":false,"date":"2026-04-26 00:35:02","action":"change-status","newStatus":"draft","terms":[],"taxonomy":"folder","extraData":[]},"publishpress_future_workflow_manual_trigger":{"enabledWorkflows":[]},"_links":{"self":[{"href":"https:\/\/www.dinel.us.es\/index.php?rest_route=\/wp\/v2\/pages\/78","targetHints":{"allow":["GET"]}}],"collection":[{"href":"https:\/\/www.dinel.us.es\/index.php?rest_route=\/wp\/v2\/pages"}],"about":[{"href":"https:\/\/www.dinel.us.es\/index.php?rest_route=\/wp\/v2\/types\/page"}],"author":[{"embeddable":true,"href":"https:\/\/www.dinel.us.es\/index.php?rest_route=\/wp\/v2\/users\/1"}],"replies":[{"embeddable":true,"href":"https:\/\/www.dinel.us.es\/index.php?rest_route=%2Fwp%2Fv2%2Fcomments&post=78"}],"version-history":[{"count":17,"href":"https:\/\/www.dinel.us.es\/index.php?rest_route=\/wp\/v2\/pages\/78\/revisions"}],"predecessor-version":[{"id":540,"href":"https:\/\/www.dinel.us.es\/index.php?rest_route=\/wp\/v2\/pages\/78\/revisions\/540"}],"wp:attachment":[{"href":"https:\/\/www.dinel.us.es\/index.php?rest_route=%2Fwp%2Fv2%2Fmedia&parent=78"}],"wp:term":[{"taxonomy":"folder","embeddable":true,"href":"https:\/\/www.dinel.us.es\/index.php?rest_route=%2Fwp%2Fv2%2Ffolder&post=78"}],"curies":[{"name":"wp","href":"https:\/\/api.w.org\/{rel}","templated":true}]}}