{"id":50,"date":"2021-09-03T08:57:10","date_gmt":"2021-09-03T08:57:10","guid":{"rendered":"https:\/\/robin.us.es\/?page_id=50"},"modified":"2024-07-11T13:01:43","modified_gmt":"2024-07-11T13:01:43","slug":"docencia-3","status":"publish","type":"page","link":"https:\/\/www.dinel.us.es\/?page_id=50","title":{"rendered":"Docencia"},"content":{"rendered":"\n<p class=\"has-navy-blue-color has-text-color has-huge-font-size\"><strong><em>Grado<\/em><\/strong><\/p>\n\n\n\n<div class=\"wp-block-columns is-layout-flex wp-container-core-columns-is-layout-9d6595d7 wp-block-columns-is-layout-flex\">\n<div class=\"wp-block-column is-layout-flow wp-block-column-is-layout-flow\"><div class=\"wp-block-image is-style-rounded\">\n<figure class=\"aligncenter size-large\"><a href=\"https:\/\/etsi.us.es\/estudios-y-titulaciones\/grados\/grado-en-ingenieria-de-tecnologias-industriales-plan-2024\"><img loading=\"lazy\" decoding=\"async\" width=\"1024\" height=\"683\" src=\"http:\/\/www.dinel.us.es\/wp-content\/uploads\/2022\/10\/maxim-hopman-s4d_ESS0ylA-unsplash-1024x683.jpg\" alt=\"\" class=\"wp-image-1008\" srcset=\"https:\/\/www.dinel.us.es\/wp-content\/uploads\/2022\/10\/maxim-hopman-s4d_ESS0ylA-unsplash-1024x683.jpg 1024w, https:\/\/www.dinel.us.es\/wp-content\/uploads\/2022\/10\/maxim-hopman-s4d_ESS0ylA-unsplash-300x200.jpg 300w, https:\/\/www.dinel.us.es\/wp-content\/uploads\/2022\/10\/maxim-hopman-s4d_ESS0ylA-unsplash-768x512.jpg 768w, https:\/\/www.dinel.us.es\/wp-content\/uploads\/2022\/10\/maxim-hopman-s4d_ESS0ylA-unsplash-1536x1024.jpg 1536w, https:\/\/www.dinel.us.es\/wp-content\/uploads\/2022\/10\/maxim-hopman-s4d_ESS0ylA-unsplash-2048x1365.jpg 2048w, https:\/\/www.dinel.us.es\/wp-content\/uploads\/2022\/10\/maxim-hopman-s4d_ESS0ylA-unsplash-360x240.jpg 360w\" sizes=\"auto, (max-width: 1024px) 100vw, 1024px\" \/><\/a><figcaption class=\"wp-element-caption\"><a href=\"https:\/\/etsi.us.es\/estudios-y-titulaciones\/grados\/grado-en-ingenieria-de-tecnologias-industriales-plan-2024\"><code>GRADO EN INGENIER\u00cdA DE LAS TECNOLOG\u00cdAS INDUSTRIALES<\/code><\/a><\/figcaption><\/figure>\n<\/div>\n\n\n<p><\/p>\n<\/div>\n\n\n\n<div class=\"wp-block-column is-layout-flow wp-block-column-is-layout-flow\"><div class=\"wp-block-image is-style-rounded\">\n<figure class=\"aligncenter size-large\"><a href=\"https:\/\/etsi.us.es\/estudios-y-titulaciones\/grados\/grado-en-ingenieria-de-las-tecnologias-de-telecomunicacion\"><img loading=\"lazy\" decoding=\"async\" width=\"1024\" height=\"683\" src=\"http:\/\/www.dinel.us.es\/wp-content\/uploads\/2022\/09\/GITT-1024x683.jpg\" alt=\"GRADO EN INGENIER\u00cdA DE LAS TECNOLOG\u00cdAS DE TELECOMUNICACI\u00d3N\" class=\"wp-image-847\" srcset=\"https:\/\/www.dinel.us.es\/wp-content\/uploads\/2022\/09\/GITT-1024x683.jpg 1024w, https:\/\/www.dinel.us.es\/wp-content\/uploads\/2022\/09\/GITT-300x200.jpg 300w, https:\/\/www.dinel.us.es\/wp-content\/uploads\/2022\/09\/GITT-768x512.jpg 768w, https:\/\/www.dinel.us.es\/wp-content\/uploads\/2022\/09\/GITT-1536x1024.jpg 1536w, https:\/\/www.dinel.us.es\/wp-content\/uploads\/2022\/09\/GITT-2048x1365.jpg 2048w, https:\/\/www.dinel.us.es\/wp-content\/uploads\/2022\/09\/GITT-360x240.jpg 360w\" sizes=\"auto, (max-width: 1024px) 100vw, 1024px\" \/><\/a><figcaption class=\"wp-element-caption\"><a href=\"https:\/\/etsi.us.es\/estudios-y-titulaciones\/grados\/grado-en-ingenieria-de-las-tecnologias-de-telecomunicacion\" target=\"_blank\" rel=\"noreferrer noopener\">GRADO EN INGENIER\u00cdA DE LAS TECNOLOG\u00cdAS DE TELECOMUNICACI\u00d3N<\/a><\/figcaption><\/figure>\n<\/div><\/div>\n\n\n\n<div class=\"wp-block-column is-layout-flow wp-block-column-is-layout-flow\"><div class=\"wp-block-image is-style-rounded\">\n<figure class=\"aligncenter size-large\"><a href=\"https:\/\/etsi.us.es\/estudios-y-titulaciones\/grados\/grado-en-ingenieria-aeroespacial\"><img loading=\"lazy\" decoding=\"async\" width=\"1024\" height=\"682\" src=\"http:\/\/www.dinel.us.es\/wp-content\/uploads\/2022\/09\/MIA-2-scaled-e1666699669150-1024x682.jpg\" alt=\"\" class=\"wp-image-848\" srcset=\"https:\/\/www.dinel.us.es\/wp-content\/uploads\/2022\/09\/MIA-2-scaled-e1666699669150-1024x682.jpg 1024w, https:\/\/www.dinel.us.es\/wp-content\/uploads\/2022\/09\/MIA-2-scaled-e1666699669150-300x200.jpg 300w, https:\/\/www.dinel.us.es\/wp-content\/uploads\/2022\/09\/MIA-2-scaled-e1666699669150-768x511.jpg 768w, https:\/\/www.dinel.us.es\/wp-content\/uploads\/2022\/09\/MIA-2-scaled-e1666699669150-1536x1023.jpg 1536w, https:\/\/www.dinel.us.es\/wp-content\/uploads\/2022\/09\/MIA-2-scaled-e1666699669150-2048x1363.jpg 2048w, https:\/\/www.dinel.us.es\/wp-content\/uploads\/2022\/09\/MIA-2-scaled-e1666699669150-360x240.jpg 360w\" sizes=\"auto, (max-width: 1024px) 100vw, 1024px\" \/><\/a><figcaption class=\"wp-element-caption\"><a href=\"https:\/\/etsi.us.es\/estudios-y-titulaciones\/grados\/grado-en-ingenieria-aeroespacial\" target=\"_blank\" rel=\"noreferrer noopener\">GRADO EN INGENIER\u00cdA AEROESPACIAL<\/a><\/figcaption><\/figure>\n<\/div><\/div>\n<\/div>\n\n\n\n<div class=\"wp-block-columns is-layout-flex wp-container-core-columns-is-layout-9d6595d7 wp-block-columns-is-layout-flex\">\n<div class=\"wp-block-column is-layout-flow wp-block-column-is-layout-flow\"><div class=\"wp-block-image is-style-rounded\">\n<figure class=\"aligncenter size-large\"><a href=\"https:\/\/etsi.us.es\/estudios-y-titulaciones\/grados\/grado-en-ingenieria-de-la-energia\"><img loading=\"lazy\" decoding=\"async\" width=\"1024\" height=\"664\" src=\"http:\/\/www.dinel.us.es\/wp-content\/uploads\/2022\/09\/GITI-1024x664.jpg\" alt=\"GRADO EN INGENIER\u00cdA DE LA ENERG\u00cdA\" class=\"wp-image-846\" srcset=\"https:\/\/www.dinel.us.es\/wp-content\/uploads\/2022\/09\/GITI-1024x664.jpg 1024w, https:\/\/www.dinel.us.es\/wp-content\/uploads\/2022\/09\/GITI-300x194.jpg 300w, https:\/\/www.dinel.us.es\/wp-content\/uploads\/2022\/09\/GITI-768x498.jpg 768w, https:\/\/www.dinel.us.es\/wp-content\/uploads\/2022\/09\/GITI-1536x995.jpg 1536w, https:\/\/www.dinel.us.es\/wp-content\/uploads\/2022\/09\/GITI-2048x1327.jpg 2048w, https:\/\/www.dinel.us.es\/wp-content\/uploads\/2022\/09\/GITI-360x233.jpg 360w\" sizes=\"auto, (max-width: 1024px) 100vw, 1024px\" \/><\/a><figcaption class=\"wp-element-caption\"><a href=\"https:\/\/etsi.us.es\/estudios-y-titulaciones\/grados\/grado-en-ingenieria-de-la-energia\" data-type=\"link\" data-id=\"https:\/\/etsi.us.es\/estudios-y-titulaciones\/grados\/grado-en-ingenieria-de-la-energia\" target=\"_blank\" rel=\"noreferrer noopener\">GRADO EN INGENIER\u00cdA DE LA ENERG\u00cdA<\/a><\/figcaption><\/figure>\n<\/div><\/div>\n\n\n\n<div class=\"wp-block-column is-layout-flow wp-block-column-is-layout-flow\"><div class=\"wp-block-image is-style-rounded\">\n<figure class=\"aligncenter size-large is-resized\"><a href=\"https:\/\/etsi.us.es\/estudios-y-titulaciones\/grados\/grado-en-ingenieria-electronica-robotica-y-mecatronica\"><img loading=\"lazy\" decoding=\"async\" width=\"1024\" height=\"683\" src=\"http:\/\/www.dinel.us.es\/wp-content\/uploads\/2022\/10\/mech-mind-sTzb90A1Abs-unsplash-1024x683.jpg\" alt=\"GRADO EN INGENIER\u00cdA ELECTR\u00d3NICA, ROB\u00d3TICA Y MECATR\u00d3NICA\n\" class=\"wp-image-972\" style=\"width:277px;height:auto\" srcset=\"https:\/\/www.dinel.us.es\/wp-content\/uploads\/2022\/10\/mech-mind-sTzb90A1Abs-unsplash-1024x683.jpg 1024w, https:\/\/www.dinel.us.es\/wp-content\/uploads\/2022\/10\/mech-mind-sTzb90A1Abs-unsplash-300x200.jpg 300w, https:\/\/www.dinel.us.es\/wp-content\/uploads\/2022\/10\/mech-mind-sTzb90A1Abs-unsplash-768x512.jpg 768w, https:\/\/www.dinel.us.es\/wp-content\/uploads\/2022\/10\/mech-mind-sTzb90A1Abs-unsplash-1536x1024.jpg 1536w, https:\/\/www.dinel.us.es\/wp-content\/uploads\/2022\/10\/mech-mind-sTzb90A1Abs-unsplash-2048x1365.jpg 2048w, https:\/\/www.dinel.us.es\/wp-content\/uploads\/2022\/10\/mech-mind-sTzb90A1Abs-unsplash-360x240.jpg 360w\" sizes=\"auto, (max-width: 1024px) 100vw, 1024px\" \/><\/a><figcaption class=\"wp-element-caption\"><a href=\"https:\/\/etsi.us.es\/estudios-y-titulaciones\/grados\/grado-en-ingenieria-electronica-robotica-y-mecatronica\" target=\"_blank\" rel=\"noreferrer noopener\">GRADO EN INGENIER\u00cdA ELECTR\u00d3NICA, ROB\u00d3TICA Y MECATR\u00d3NICA<\/a><\/figcaption><\/figure>\n<\/div><\/div>\n\n\n\n<div class=\"wp-block-column is-layout-flow wp-block-column-is-layout-flow\"><div class=\"wp-block-image is-style-rounded\">\n<figure class=\"aligncenter size-large\"><a href=\"https:\/\/etsi.us.es\/estudios-y-titulaciones\/grados\/grado-en-ingenieria-quimica\"><img loading=\"lazy\" decoding=\"async\" width=\"1024\" height=\"683\" src=\"http:\/\/www.dinel.us.es\/wp-content\/uploads\/2022\/10\/american-public-power-association-bv2pvCGMtzg-unsplash-1024x683.jpg\" alt=\"\" class=\"wp-image-1017\" srcset=\"https:\/\/www.dinel.us.es\/wp-content\/uploads\/2022\/10\/american-public-power-association-bv2pvCGMtzg-unsplash-1024x683.jpg 1024w, https:\/\/www.dinel.us.es\/wp-content\/uploads\/2022\/10\/american-public-power-association-bv2pvCGMtzg-unsplash-300x200.jpg 300w, https:\/\/www.dinel.us.es\/wp-content\/uploads\/2022\/10\/american-public-power-association-bv2pvCGMtzg-unsplash-768x512.jpg 768w, https:\/\/www.dinel.us.es\/wp-content\/uploads\/2022\/10\/american-public-power-association-bv2pvCGMtzg-unsplash-1536x1024.jpg 1536w, https:\/\/www.dinel.us.es\/wp-content\/uploads\/2022\/10\/american-public-power-association-bv2pvCGMtzg-unsplash-2048x1365.jpg 2048w, https:\/\/www.dinel.us.es\/wp-content\/uploads\/2022\/10\/american-public-power-association-bv2pvCGMtzg-unsplash-360x240.jpg 360w\" sizes=\"auto, (max-width: 1024px) 100vw, 1024px\" \/><\/a><figcaption class=\"wp-element-caption\"><a href=\"https:\/\/etsi.us.es\/estudios-y-titulaciones\/grados\/grado-en-ingenieria-quimica\" target=\"_blank\" rel=\"noreferrer noopener\">GRADO EN INGENIER\u00cdA QU\u00cdMICA<\/a><\/figcaption><\/figure>\n<\/div><\/div>\n<\/div>\n\n\n\n<div class=\"wp-block-columns is-layout-flex wp-container-core-columns-is-layout-9d6595d7 wp-block-columns-is-layout-flex\">\n<div class=\"wp-block-column is-layout-flow wp-block-column-is-layout-flow\"><div class=\"wp-block-image is-style-rounded\">\n<figure class=\"aligncenter size-large\"><a href=\"https:\/\/etsi.us.es\/estudios-y-titulaciones\/grados\/grado-en-ingenieria-de-organizacion-industrial\"><img loading=\"lazy\" decoding=\"async\" width=\"1024\" height=\"683\" src=\"http:\/\/www.dinel.us.es\/wp-content\/uploads\/2022\/10\/kaleidico-3V8xo5Gbusk-unsplash-1024x683.jpg\" alt=\"\" class=\"wp-image-1019\" srcset=\"https:\/\/www.dinel.us.es\/wp-content\/uploads\/2022\/10\/kaleidico-3V8xo5Gbusk-unsplash-1024x683.jpg 1024w, https:\/\/www.dinel.us.es\/wp-content\/uploads\/2022\/10\/kaleidico-3V8xo5Gbusk-unsplash-300x200.jpg 300w, https:\/\/www.dinel.us.es\/wp-content\/uploads\/2022\/10\/kaleidico-3V8xo5Gbusk-unsplash-768x512.jpg 768w, https:\/\/www.dinel.us.es\/wp-content\/uploads\/2022\/10\/kaleidico-3V8xo5Gbusk-unsplash-1536x1024.jpg 1536w, https:\/\/www.dinel.us.es\/wp-content\/uploads\/2022\/10\/kaleidico-3V8xo5Gbusk-unsplash-2048x1366.jpg 2048w, https:\/\/www.dinel.us.es\/wp-content\/uploads\/2022\/10\/kaleidico-3V8xo5Gbusk-unsplash-360x240.jpg 360w\" sizes=\"auto, (max-width: 1024px) 100vw, 1024px\" \/><\/a><figcaption class=\"wp-element-caption\"><a href=\"https:\/\/etsi.us.es\/estudios-y-titulaciones\/grados\/grado-en-ingenieria-de-organizacion-industrial\" target=\"_blank\" rel=\"noreferrer noopener\">GRADO EN INGENIER\u00cdA DE ORGANIZACI\u00d3N INDUSTRIAL<\/a><\/figcaption><\/figure>\n<\/div><\/div>\n\n\n\n<div class=\"wp-block-column is-layout-flow wp-block-column-is-layout-flow\"><\/div>\n\n\n\n<div class=\"wp-block-column is-layout-flow wp-block-column-is-layout-flow\"><\/div>\n<\/div>\n\n\n\n<p class=\"has-navy-blue-color has-text-color has-huge-font-size\"><strong><em>M\u00e1ster<\/em><\/strong><\/p>\n\n\n\n<div class=\"wp-block-columns is-layout-flex wp-container-core-columns-is-layout-9d6595d7 wp-block-columns-is-layout-flex\">\n<div class=\"wp-block-column is-layout-flow wp-block-column-is-layout-flow\"><div class=\"wp-block-image is-style-rounded\">\n<figure class=\"aligncenter size-large\"><a href=\"https:\/\/etsi.us.es\/estudios-y-titulaciones\/masteres\/master-universitario-en-ingenieria-industrial-plan-2024\"><img loading=\"lazy\" decoding=\"async\" width=\"1024\" height=\"683\" src=\"http:\/\/www.dinel.us.es\/wp-content\/uploads\/2022\/10\/ernest-ojeh-aEytUoE1Tkc-unsplash-1024x683.jpg\" alt=\"\" class=\"wp-image-1012\" srcset=\"https:\/\/www.dinel.us.es\/wp-content\/uploads\/2022\/10\/ernest-ojeh-aEytUoE1Tkc-unsplash-1024x683.jpg 1024w, https:\/\/www.dinel.us.es\/wp-content\/uploads\/2022\/10\/ernest-ojeh-aEytUoE1Tkc-unsplash-300x200.jpg 300w, https:\/\/www.dinel.us.es\/wp-content\/uploads\/2022\/10\/ernest-ojeh-aEytUoE1Tkc-unsplash-768x512.jpg 768w, https:\/\/www.dinel.us.es\/wp-content\/uploads\/2022\/10\/ernest-ojeh-aEytUoE1Tkc-unsplash-1536x1024.jpg 1536w, https:\/\/www.dinel.us.es\/wp-content\/uploads\/2022\/10\/ernest-ojeh-aEytUoE1Tkc-unsplash-2048x1365.jpg 2048w, https:\/\/www.dinel.us.es\/wp-content\/uploads\/2022\/10\/ernest-ojeh-aEytUoE1Tkc-unsplash-360x240.jpg 360w\" sizes=\"auto, (max-width: 1024px) 100vw, 1024px\" \/><\/a><figcaption class=\"wp-element-caption\"><a href=\"https:\/\/etsi.us.es\/estudios-y-titulaciones\/masteres\/master-universitario-en-ingenieria-industrial-plan-2024\" target=\"_blank\" rel=\"noreferrer noopener\">M\u00c1STER UNIVERSITARIO EN INGENIER\u00cdA INDUSTRIAL<\/a><\/figcaption><\/figure>\n<\/div>\n\n\n<p><\/p>\n<\/div>\n\n\n\n<div class=\"wp-block-column is-layout-flow wp-block-column-is-layout-flow\"><div class=\"wp-block-image is-style-rounded\">\n<figure class=\"aligncenter size-large\"><a href=\"https:\/\/etsi.us.es\/estudios-y-titulaciones\/masteres\/master-universitario-en-ingenieria-de-telecomunicacion\"><img loading=\"lazy\" decoding=\"async\" width=\"1024\" height=\"683\" src=\"http:\/\/www.dinel.us.es\/wp-content\/uploads\/2022\/09\/MITT-scaled-e1666700000136-1024x683.jpg\" alt=\"\" class=\"wp-image-850\" srcset=\"https:\/\/www.dinel.us.es\/wp-content\/uploads\/2022\/09\/MITT-scaled-e1666700000136-1024x683.jpg 1024w, https:\/\/www.dinel.us.es\/wp-content\/uploads\/2022\/09\/MITT-scaled-e1666700000136-300x200.jpg 300w, https:\/\/www.dinel.us.es\/wp-content\/uploads\/2022\/09\/MITT-scaled-e1666700000136-768x512.jpg 768w, https:\/\/www.dinel.us.es\/wp-content\/uploads\/2022\/09\/MITT-scaled-e1666700000136-1536x1025.jpg 1536w, https:\/\/www.dinel.us.es\/wp-content\/uploads\/2022\/09\/MITT-scaled-e1666700000136-2048x1366.jpg 2048w, https:\/\/www.dinel.us.es\/wp-content\/uploads\/2022\/09\/MITT-scaled-e1666700000136-360x240.jpg 360w\" sizes=\"auto, (max-width: 1024px) 100vw, 1024px\" \/><\/a><figcaption class=\"wp-element-caption\"><a href=\"https:\/\/etsi.us.es\/estudios-y-titulaciones\/masteres\/master-universitario-en-ingenieria-de-telecomunicacion\" target=\"_blank\" rel=\"noreferrer noopener\">M\u00c1STER UNIVERSITARIO EN INGENIER\u00cdA DE TELECOMUNICACI\u00d3N<\/a><\/figcaption><\/figure>\n<\/div><\/div>\n\n\n\n<div class=\"wp-block-column is-layout-flow wp-block-column-is-layout-flow\"><div class=\"wp-block-image is-style-rounded\">\n<figure class=\"aligncenter size-large\"><a href=\"https:\/\/etsi.us.es\/estudios-y-titulaciones\/masteres\/master-universitario-en-ingenieria-aeronautica\"><img loading=\"lazy\" decoding=\"async\" width=\"1024\" height=\"683\" src=\"http:\/\/www.dinel.us.es\/wp-content\/uploads\/2022\/09\/GIA-1024x683.jpg\" alt=\"\" class=\"wp-image-844\" srcset=\"https:\/\/www.dinel.us.es\/wp-content\/uploads\/2022\/09\/GIA-1024x683.jpg 1024w, https:\/\/www.dinel.us.es\/wp-content\/uploads\/2022\/09\/GIA-300x200.jpg 300w, https:\/\/www.dinel.us.es\/wp-content\/uploads\/2022\/09\/GIA-768x512.jpg 768w, https:\/\/www.dinel.us.es\/wp-content\/uploads\/2022\/09\/GIA-1536x1024.jpg 1536w, https:\/\/www.dinel.us.es\/wp-content\/uploads\/2022\/09\/GIA-2048x1365.jpg 2048w, https:\/\/www.dinel.us.es\/wp-content\/uploads\/2022\/09\/GIA-360x240.jpg 360w\" sizes=\"auto, (max-width: 1024px) 100vw, 1024px\" \/><\/a><figcaption class=\"wp-element-caption\"><a href=\"https:\/\/etsi.us.es\/estudios-y-titulaciones\/masteres\/master-universitario-en-ingenieria-aeronautica\" target=\"_blank\" rel=\"noreferrer noopener\">M\u00c1STER UNIVERSITARIO EN INGENIER\u00cdA AERON\u00c1UTICA<\/a><\/figcaption><\/figure>\n<\/div><\/div>\n<\/div>\n\n\n\n<div class=\"wp-block-columns is-layout-flex wp-container-core-columns-is-layout-9d6595d7 wp-block-columns-is-layout-flex\">\n<div class=\"wp-block-column is-layout-flow wp-block-column-is-layout-flow\"><div class=\"wp-block-image is-style-rounded\">\n<figure class=\"aligncenter size-large\"><a href=\"https:\/\/www.dinel.us.es\/?page_id=1325\"><img loading=\"lazy\" decoding=\"async\" width=\"1024\" height=\"683\" src=\"http:\/\/www.dinel.us.es\/wp-content\/uploads\/2022\/10\/mech-mind-sTzb90A1Abs-unsplash-1024x683.jpg\" alt=\"\" class=\"wp-image-972\" srcset=\"https:\/\/www.dinel.us.es\/wp-content\/uploads\/2022\/10\/mech-mind-sTzb90A1Abs-unsplash-1024x683.jpg 1024w, https:\/\/www.dinel.us.es\/wp-content\/uploads\/2022\/10\/mech-mind-sTzb90A1Abs-unsplash-300x200.jpg 300w, https:\/\/www.dinel.us.es\/wp-content\/uploads\/2022\/10\/mech-mind-sTzb90A1Abs-unsplash-768x512.jpg 768w, https:\/\/www.dinel.us.es\/wp-content\/uploads\/2022\/10\/mech-mind-sTzb90A1Abs-unsplash-1536x1024.jpg 1536w, https:\/\/www.dinel.us.es\/wp-content\/uploads\/2022\/10\/mech-mind-sTzb90A1Abs-unsplash-2048x1365.jpg 2048w, https:\/\/www.dinel.us.es\/wp-content\/uploads\/2022\/10\/mech-mind-sTzb90A1Abs-unsplash-360x240.jpg 360w\" sizes=\"auto, (max-width: 1024px) 100vw, 1024px\" \/><\/a><figcaption class=\"wp-element-caption\"><a href=\"https:\/\/www.dinel.us.es\/?page_id=1325\" target=\"_blank\" rel=\"noreferrer noopener\">M\u00c1STER UNIVERSITARIO EN INGENIER\u00cdA ELECTR\u00d3NICA, ROB\u00d3TICA Y AUTOM\u00c1TICA<\/a><\/figcaption><\/figure>\n<\/div>\n\n\n<p><\/p>\n<\/div>\n\n\n\n<div class=\"wp-block-column is-layout-flow wp-block-column-is-layout-flow\"><div class=\"wp-block-image is-style-rounded\">\n<figure class=\"aligncenter size-large\"><a href=\"https:\/\/www.us.es\/estudiar\/que-estudiar\/oferta-de-masteres\/master-universitario-en-ciudad-y-arquitectura-sostenibles\"><img loading=\"lazy\" decoding=\"async\" width=\"1024\" height=\"683\" src=\"http:\/\/www.dinel.us.es\/wp-content\/uploads\/2022\/10\/luca-bravo-SRjZtxsK3Os-unsplash-1024x683.jpg\" alt=\"\" class=\"wp-image-1031\" srcset=\"https:\/\/www.dinel.us.es\/wp-content\/uploads\/2022\/10\/luca-bravo-SRjZtxsK3Os-unsplash-1024x683.jpg 1024w, https:\/\/www.dinel.us.es\/wp-content\/uploads\/2022\/10\/luca-bravo-SRjZtxsK3Os-unsplash-300x200.jpg 300w, https:\/\/www.dinel.us.es\/wp-content\/uploads\/2022\/10\/luca-bravo-SRjZtxsK3Os-unsplash-768x512.jpg 768w, https:\/\/www.dinel.us.es\/wp-content\/uploads\/2022\/10\/luca-bravo-SRjZtxsK3Os-unsplash-1536x1024.jpg 1536w, https:\/\/www.dinel.us.es\/wp-content\/uploads\/2022\/10\/luca-bravo-SRjZtxsK3Os-unsplash-2048x1365.jpg 2048w, https:\/\/www.dinel.us.es\/wp-content\/uploads\/2022\/10\/luca-bravo-SRjZtxsK3Os-unsplash-360x240.jpg 360w\" sizes=\"auto, (max-width: 1024px) 100vw, 1024px\" \/><\/a><figcaption class=\"wp-element-caption\"><a href=\"https:\/\/www.us.es\/estudiar\/que-estudiar\/oferta-de-masteres\/master-universitario-en-ciudad-y-arquitectura-sostenibles\" target=\"_blank\" rel=\"noreferrer noopener\">M\u00c1STER UNIVERSITARIO EN CIUDAD Y ARQUITECTURA SOSTENIBLE<\/a><\/figcaption><\/figure>\n<\/div><\/div>\n\n\n\n<div class=\"wp-block-column is-layout-flow wp-block-column-is-layout-flow\"><\/div>\n<\/div>\n\n\n\n<div class=\"wp-block-columns is-layout-flex wp-container-core-columns-is-layout-9d6595d7 wp-block-columns-is-layout-flex\">\n<div class=\"wp-block-column is-layout-flow wp-block-column-is-layout-flow\" style=\"flex-basis:100%\">\n<h2 class=\"wp-block-heading has-blue-color has-text-color has-link-color has-huge-font-size wp-elements-fae343123ffb14182da4564f61d19da3\"><a href=\"https:\/\/www.dinel.us.es\/?page_id=1333s\">Tutor\u00edas<\/a><\/h2>\n<\/div>\n<\/div>\n","protected":false},"excerpt":{"rendered":"<p>Grado M\u00e1ster Tutor\u00edas<\/p>\n","protected":false},"author":1,"featured_media":0,"parent":0,"menu_order":0,"comment_status":"closed","ping_status":"closed","template":"","meta":{"footnotes":""},"folder":[12],"class_list":["post-50","page","type-page","status-publish","hentry"],"publishpress_future_action":{"enabled":false,"date":"2026-05-14 15:40:10","action":"change-status","newStatus":"draft","terms":[],"taxonomy":"folder","extraData":[]},"publishpress_future_workflow_manual_trigger":{"enabledWorkflows":[]},"_links":{"self":[{"href":"https:\/\/www.dinel.us.es\/index.php?rest_route=\/wp\/v2\/pages\/50","targetHints":{"allow":["GET"]}}],"collection":[{"href":"https:\/\/www.dinel.us.es\/index.php?rest_route=\/wp\/v2\/pages"}],"about":[{"href":"https:\/\/www.dinel.us.es\/index.php?rest_route=\/wp\/v2\/types\/page"}],"author":[{"embeddable":true,"href":"https:\/\/www.dinel.us.es\/index.php?rest_route=\/wp\/v2\/users\/1"}],"replies":[{"embeddable":true,"href":"https:\/\/www.dinel.us.es\/index.php?rest_route=%2Fwp%2Fv2%2Fcomments&post=50"}],"version-history":[{"count":13,"href":"https:\/\/www.dinel.us.es\/index.php?rest_route=\/wp\/v2\/pages\/50\/revisions"}],"predecessor-version":[{"id":1373,"href":"https:\/\/www.dinel.us.es\/index.php?rest_route=\/wp\/v2\/pages\/50\/revisions\/1373"}],"wp:attachment":[{"href":"https:\/\/www.dinel.us.es\/index.php?rest_route=%2Fwp%2Fv2%2Fmedia&parent=50"}],"wp:term":[{"taxonomy":"folder","embeddable":true,"href":"https:\/\/www.dinel.us.es\/index.php?rest_route=%2Fwp%2Fv2%2Ffolder&post=50"}],"curies":[{"name":"wp","href":"https:\/\/api.w.org\/{rel}","templated":true}]}}