{"id":171,"date":"2021-09-14T08:33:27","date_gmt":"2021-09-14T08:33:27","guid":{"rendered":"https:\/\/www.dinel.us.es\/?page_id=171"},"modified":"2022-06-21T08:05:57","modified_gmt":"2022-06-21T08:05:57","slug":"grupo-de-tecnologia-electronica","status":"publish","type":"page","link":"https:\/\/www.dinel.us.es\/?page_id=171","title":{"rendered":"Grupo de Tecnolog\u00eda Electr\u00f3nica"},"content":{"rendered":"\n<p>El Grupo de Tecnolog\u00eda Electr\u00f3nica del Dpto. de Tecnolog\u00eda Electr\u00f3nica es un grupo de investigaci\u00f3n consolidado dentro del Plan Andaluz de Investigaci\u00f3n de la Junta de Andaluc\u00eda, calificado en la \u00faltima evaluaci\u00f3n con el grado de excelente. Este Grupo de investigaci\u00f3n agrupa entorno a dos l\u00edneas de investigaci\u00f3n a 22 investigadores del \u00c1rea Tecnolog\u00eda Electr\u00f3nica de los cuales 10 son doctores.<\/p>\n\n\n\n<p>Este grupo naci\u00f3 a final de los 80 dentro de la Escuela Superior de Ingenieros con un perfil muy dirigido hacia la electr\u00f3nica industrial y de potencia. A principios de los 90 y estimulados por acciones y proyectos europeos se inici\u00f3 una aplicaci\u00f3n de la l\u00ednea de investigaci\u00f3n industrial y de potencia hacia las aplicaciones de energ\u00edas renovables, eficiencia y calidad energ\u00e9tica.<\/p>\n\n\n\n<p>En los \u00faltimos a\u00f1os se ha desarrollado una nueva l\u00ednea de investigaci\u00f3n dentro del GTE centrada en la telemedicina, reflejados en el desarrollo de sistema de telemonitorizaci\u00f3n cardiaca. Posteriormente esta misma l\u00ednea de investigaci\u00f3n con objeto de responder a las demandas de los proyectos industriales del entorno se ha diversificado hacia el desarrollo de microsistemas para sensores.<\/p>\n\n\n\n<p>Adem\u00e1s, este grupo de investigaci\u00f3n mantiene una s\u00f3lida relaci\u00f3n de colaboraci\u00f3n con EADS-CASA, hoy AIRBUS MILITARY y con BOEING RESEARCH AND TECHNOLOGY EUROPE en su l\u00ednea de investigaci\u00f3n de electr\u00f3nica aplicada a la industria aeron\u00e1utica y aeroespacial.<\/p>\n\n\n\n<p>Las l\u00edneas de investigaci\u00f3n que desarrolla el GTE son:<\/p>\n\n\n\n<ul class=\"wp-block-list\"><li>Electr\u00f3nica Industrial y de Potencia.<\/li><li>Microsistemas<\/li><li>Microelectr\u00f3nica digital.<\/li><li>Sistemas microprocesadores y DSP`s.<\/li><li>Sistemas de potencia para el sector energ\u00e9tico,(energ\u00edas renovables y cogeneraci\u00f3n distribuida).<\/li><li>Calidad de energ\u00eda y compatibilidad electromagn\u00e9tica.<\/li><li>Actuadores de m\u00e1quinas electr\u00f3nicas.<\/li><li>Instrumentaci\u00f3n electr\u00f3nica.<\/li><li>Electr\u00f3nica aplicada a la industria aeron\u00e1utica y aeroespacial.<\/li><\/ul>\n\n\n\n<p>M\u00e1s espec\u00edficamente las actividades de investigaci\u00f3n que se desarrollan en la l\u00ednea de investigaci\u00f3n de Electr\u00f3nica Industrial y de Potencia son:<\/p>\n\n\n\n<ul class=\"wp-block-list\"><li>Acondicionadores electr\u00f3nicos de potencia para la integraci\u00f3n de fuentes de energ\u00eda renovables, eficiencia y calidad energ\u00e9tica.<\/li><li>Control avanzado de convertidores de potencia mediante DSP y circuitos microelectr\u00f3nicos.<\/li><li>T\u00e9cnicas avanzadas de reducci\u00f3n de distorsi\u00f3n y supresi\u00f3n de interferencias.<\/li><\/ul>\n\n\n\n<p>&nbsp;&nbsp;&nbsp;&nbsp;Las actividades de investigaci\u00f3n que se desarrollan en la l\u00ednea de investigaci\u00f3n de Microsistemas son:<\/p>\n\n\n\n<ul class=\"wp-block-list\"><li>Dise\u00f1o de dispositivos y sistemas electr\u00f3nicos para su aplicaci\u00f3n en telemedicina.<\/li><li>Microsistemas sensoriales, microflu\u00eddicos, rf-mems y micro\u00f3pticos.<\/li><\/ul>\n\n\n\n<p>La l\u00ednea de investigaci\u00f3n en el campo de la fot\u00f3nica cubre dos vertientes:<\/p>\n\n\n\n<ul class=\"wp-block-list\"><li>Investigaci\u00f3n b\u00e1sica en componentes pasivos para Comunicaciones \u00d3pticas, y m\u00e1s en particular en Redes de difracci\u00f3n de Bragg en fibra.<\/li><li>Investigaci\u00f3n m\u00e1s aplicada en el dise\u00f1o de una red de comunicaciones h\u00edbrida fibra \u00f3ptica \u2013 l\u00ednea de potencia basada en tecnolog\u00eda de Red \u00d3ptica Pasiva (PON) sobre ATM para ofrecer a los potenciales usuarios una conexi\u00f3n de alta calidad de fibra hasta el abonado (FTTH) y una conexi\u00f3n m\u00e1s b\u00e1sica de fibra hasta el trasformador y l\u00ednea de potencia hasta el hogar (FTTCab-PLT).<\/li><\/ul>\n\n\n\n<p>La l\u00ednea de investigaci\u00f3n aeron\u00e1utica proporciona asesoramiento y lleva a cabo la realizaci\u00f3n de estudios y proyectos de ingenier\u00eda en l\u00edneas tecnol\u00f3gicas tales como:<\/p>\n\n\n\n<ul class=\"wp-block-list\"><li>Avi\u00f3nica<ul><li>Sistemas electr\u00f3nicos de potencia de aplicaci\u00f3n aeron\u00e1utica.<\/li><li>Soporte t\u00e9cnico Software\/Hardware en el dise\u00f1o, desarrollo y mantenimiento de equipos embarcados y de tierra, bancos de prueba y simuladores de avi\u00f3nica.<\/li><li>Sistemas de control de orientaci\u00f3n de sat\u00e9lites.<\/li><li>Sistemas de misi\u00f3n y defensa.<\/li><li>Adquisici\u00f3n y monitorizaci\u00f3n de se\u00f1ales.<\/li><\/ul><\/li><\/ul>\n","protected":false},"excerpt":{"rendered":"<p>El Grupo de Tecnolog\u00eda Electr\u00f3nica del Dpto. de Tecnolog\u00eda Electr\u00f3nica es un grupo de investigaci\u00f3n consolidado dentro del Plan Andaluz de Investigaci\u00f3n de la Junta de Andaluc\u00eda, calificado en la \u00faltima evaluaci\u00f3n con el grado de excelente. Este Grupo de <a href=\"https:\/\/www.dinel.us.es\/?page_id=171\" class=\"read-more\">Leer m\u00e1s&#8230;<\/a><\/p>\n","protected":false},"author":9,"featured_media":0,"parent":0,"menu_order":0,"comment_status":"closed","ping_status":"closed","template":"","meta":{"footnotes":""},"folder":[10],"class_list":["post-171","page","type-page","status-publish","hentry"],"publishpress_future_action":{"enabled":false,"date":"2026-05-07 18:31:00","action":"change-status","newStatus":"draft","terms":[],"taxonomy":"folder","extraData":[]},"publishpress_future_workflow_manual_trigger":{"enabledWorkflows":[]},"_links":{"self":[{"href":"https:\/\/www.dinel.us.es\/index.php?rest_route=\/wp\/v2\/pages\/171","targetHints":{"allow":["GET"]}}],"collection":[{"href":"https:\/\/www.dinel.us.es\/index.php?rest_route=\/wp\/v2\/pages"}],"about":[{"href":"https:\/\/www.dinel.us.es\/index.php?rest_route=\/wp\/v2\/types\/page"}],"author":[{"embeddable":true,"href":"https:\/\/www.dinel.us.es\/index.php?rest_route=\/wp\/v2\/users\/9"}],"replies":[{"embeddable":true,"href":"https:\/\/www.dinel.us.es\/index.php?rest_route=%2Fwp%2Fv2%2Fcomments&post=171"}],"version-history":[{"count":1,"href":"https:\/\/www.dinel.us.es\/index.php?rest_route=\/wp\/v2\/pages\/171\/revisions"}],"predecessor-version":[{"id":172,"href":"https:\/\/www.dinel.us.es\/index.php?rest_route=\/wp\/v2\/pages\/171\/revisions\/172"}],"wp:attachment":[{"href":"https:\/\/www.dinel.us.es\/index.php?rest_route=%2Fwp%2Fv2%2Fmedia&parent=171"}],"wp:term":[{"taxonomy":"folder","embeddable":true,"href":"https:\/\/www.dinel.us.es\/index.php?rest_route=%2Fwp%2Fv2%2Ffolder&post=171"}],"curies":[{"name":"wp","href":"https:\/\/api.w.org\/{rel}","templated":true}]}}