{"id":1397,"date":"2024-07-17T10:26:02","date_gmt":"2024-07-17T10:26:02","guid":{"rendered":"https:\/\/www.dinel.us.es\/?page_id=1397"},"modified":"2024-07-17T11:07:27","modified_gmt":"2024-07-17T11:07:27","slug":"redes-inalambricas-de-sensores","status":"publish","type":"page","link":"https:\/\/www.dinel.us.es\/?page_id=1397","title":{"rendered":"Redes Inal\u00e1mbricas de Sensores"},"content":{"rendered":"\n<p>Las redes inal\u00e1mbricas de sensores son sistemas compuestos por m\u00faltiples nodos sensores que se comunican entre s\u00ed de manera inal\u00e1mbrica para monitorizar y recolectar informaci\u00f3n del entorno donde se ubican. Estos nodos, equipados con sensores, microprocesadores y transceptores de radio, colaboran entre s\u00ed para enviar informaci\u00f3n a una estaci\u00f3n central o servidor, donde los datos son analizados y utilizados para diversas aplicaciones. En la actualidad se est\u00e1n desplegando miles de millones de dispositivos de este tipo para conformar lo que hoy en d\u00eda se conoce como la Internet de las Cosas o IoT. Algunas de las aplicaciones donde las redes inal\u00e1mbricas han demostrado ser claves para poner de manifiesto informaci\u00f3n cr\u00edtica son:<\/p>\n\n\n\n<ol class=\"wp-block-list\">\n<li><strong>Industria 4.0:<\/strong> En entornos industriales, las redes de sensores se emplean para supervisar procesos de fabricaci\u00f3n, detectar fallos en maquinaria, y optimizar la producci\u00f3n, lo que reduce costos y mejora la eficiencia operativa.<\/li>\n\n\n\n<li><strong>Gesti\u00f3n de Recursos H\u00eddricos: <\/strong>Estas redes se implementan para el monitoreo de redes de distribuci\u00f3n de agua, control de calidad del agua en tiempo real, y la detecci\u00f3n de fugas, optimizando la gesti\u00f3n y conservaci\u00f3n de este recurso vital.<\/li>\n\n\n\n<li><strong>Monitorizaci\u00f3n de Infraestructuras:<\/strong> Las redes inal\u00e1mbricas de sensores son \u00fatiles para la supervisi\u00f3n de estructuras como puentes, edificios, y carreteras, detectando vibraciones, tensiones y otros par\u00e1metros que indiquen desgaste o da\u00f1os, permitiendo el mantenimiento preventivo y garantizando la seguridad estructural.<\/li>\n\n\n\n<li><strong>Agricultura de Precisi\u00f3n:<\/strong> Las redes de sensores se utilizan para monitorizar las condiciones del suelo y del clima, ayudando a optimizar el riego, el uso de fertilizantes y el control de plagas, mejorando la eficiencia y sostenibilidad de las pr\u00e1cticas agr\u00edcolas.<\/li>\n<\/ol>\n\n\n\n<p>Esta asignatura se centra en el aprendizaje de los principales est\u00e1ndares de comunicaci\u00f3n aplicados en redes inal\u00e1mbricas de sensores y su aplicaci\u00f3n pr\u00e1ctica en forma de sistemas electr\u00f3nicos embebidos (que incluyen un microprocesador, una interfaz de comunicaci\u00f3n y la capacidad de sensar o actuar utilizando muy poca energ\u00eda). Se trata de una asignatura pr\u00e1ctica cuya evaluaci\u00f3n est\u00e1 orientada a la resoluci\u00f3n de problemas. Tras cursar la asignatura, el alumnado ser\u00e1 capaz de planificar, modelar y programar redes de sensores inal\u00e1mbricas para problemas reales.<\/p>\n\n\n<div class=\"wp-block-image\">\n<figure class=\"aligncenter size-large is-resized\"><img loading=\"lazy\" decoding=\"async\" width=\"1024\" height=\"318\" src=\"http:\/\/www.dinel.us.es\/wp-content\/uploads\/2024\/07\/redes1-1024x318.png\" alt=\"\" class=\"wp-image-1399\" style=\"width:847px;height:auto\" srcset=\"https:\/\/www.dinel.us.es\/wp-content\/uploads\/2024\/07\/redes1-1024x318.png 1024w, https:\/\/www.dinel.us.es\/wp-content\/uploads\/2024\/07\/redes1-300x93.png 300w, https:\/\/www.dinel.us.es\/wp-content\/uploads\/2024\/07\/redes1-768x239.png 768w, https:\/\/www.dinel.us.es\/wp-content\/uploads\/2024\/07\/redes1-360x112.png 360w, https:\/\/www.dinel.us.es\/wp-content\/uploads\/2024\/07\/redes1.png 1133w\" sizes=\"auto, (max-width: 1024px) 100vw, 1024px\" \/><\/figure>\n<\/div>\n\n<div class=\"wp-block-image\">\n<figure class=\"aligncenter size-full is-resized\"><img loading=\"lazy\" decoding=\"async\" width=\"725\" height=\"222\" src=\"http:\/\/www.dinel.us.es\/wp-content\/uploads\/2024\/07\/redes2.png\" alt=\"\" class=\"wp-image-1400\" style=\"width:400px\" srcset=\"https:\/\/www.dinel.us.es\/wp-content\/uploads\/2024\/07\/redes2.png 725w, https:\/\/www.dinel.us.es\/wp-content\/uploads\/2024\/07\/redes2-300x92.png 300w, https:\/\/www.dinel.us.es\/wp-content\/uploads\/2024\/07\/redes2-360x110.png 360w\" sizes=\"auto, (max-width: 725px) 100vw, 725px\" \/><\/figure>\n<\/div>\n\n\n<p>Entre las empresas del sector interesadas en contar con este tipo de perfiles se encuentran:<\/p>\n\n\n\n<ul class=\"wp-block-list\">\n<li>Woodswallow<\/li>\n\n\n\n<li>Amazon<\/li>\n\n\n\n<li>Texas Instruments<\/li>\n\n\n\n<li>Nordic Semiconductor<\/li>\n\n\n\n<li>Amper<\/li>\n<\/ul>\n\n\n\n<hr class=\"wp-block-separator has-alpha-channel-opacity\"\/>\n\n\n\n<p>Para m\u00e1s informaci\u00f3n pulse en el siguiente link:<\/p>\n\n\n\n<p><a href=\"https:\/\/www.us.es\/estudiar\/que-estudiar\/oferta-de-masteres\/master-universitario-en-ingenieria-electronica-robotica-y\/51600012\"><strong><mark style=\"background-color:rgba(0, 0, 0, 0)\" class=\"has-inline-color has-red-color\">Redes Inal\u00e1mbricas de Sensores<\/mark><\/strong><\/a><\/p>\n","protected":false},"excerpt":{"rendered":"<p>Las redes inal\u00e1mbricas de sensores son sistemas compuestos por m\u00faltiples nodos sensores que se comunican entre s\u00ed de manera inal\u00e1mbrica para monitorizar y recolectar informaci\u00f3n del entorno donde se ubican. Estos nodos, equipados con sensores, microprocesadores y transceptores de radio, <a href=\"https:\/\/www.dinel.us.es\/?page_id=1397\" class=\"read-more\">Leer m\u00e1s&#8230;<\/a><\/p>\n","protected":false},"author":5,"featured_media":0,"parent":0,"menu_order":0,"comment_status":"closed","ping_status":"closed","template":"","meta":{"footnotes":""},"folder":[12],"class_list":["post-1397","page","type-page","status-publish","hentry"],"publishpress_future_action":{"enabled":false,"date":"2026-05-14 15:06:37","action":"change-status","newStatus":"draft","terms":[],"taxonomy":"folder","extraData":[]},"publishpress_future_workflow_manual_trigger":{"enabledWorkflows":[]},"_links":{"self":[{"href":"https:\/\/www.dinel.us.es\/index.php?rest_route=\/wp\/v2\/pages\/1397","targetHints":{"allow":["GET"]}}],"collection":[{"href":"https:\/\/www.dinel.us.es\/index.php?rest_route=\/wp\/v2\/pages"}],"about":[{"href":"https:\/\/www.dinel.us.es\/index.php?rest_route=\/wp\/v2\/types\/page"}],"author":[{"embeddable":true,"href":"https:\/\/www.dinel.us.es\/index.php?rest_route=\/wp\/v2\/users\/5"}],"replies":[{"embeddable":true,"href":"https:\/\/www.dinel.us.es\/index.php?rest_route=%2Fwp%2Fv2%2Fcomments&post=1397"}],"version-history":[{"count":7,"href":"https:\/\/www.dinel.us.es\/index.php?rest_route=\/wp\/v2\/pages\/1397\/revisions"}],"predecessor-version":[{"id":1447,"href":"https:\/\/www.dinel.us.es\/index.php?rest_route=\/wp\/v2\/pages\/1397\/revisions\/1447"}],"wp:attachment":[{"href":"https:\/\/www.dinel.us.es\/index.php?rest_route=%2Fwp%2Fv2%2Fmedia&parent=1397"}],"wp:term":[{"taxonomy":"folder","embeddable":true,"href":"https:\/\/www.dinel.us.es\/index.php?rest_route=%2Fwp%2Fv2%2Ffolder&post=1397"}],"curies":[{"name":"wp","href":"https:\/\/api.w.org\/{rel}","templated":true}]}}